me factors of y(14).
2, 3
Let n = -10372 - -14007. What are the prime factors of n?
5, 727
Suppose -2*j = -4*j - 22. Let i(s) = -3*s - 34. Let o be i(j). List the prime factors of ((-3)/(-2))/(o/(-30)).
3, 5
Suppose -3*s + 5*v = 2*s - 40, -4*s + 2*v + 32 = 0. Suppose s*n - 666 = -202. Let d = 83 - n. What are the prime factors of d?
5
Let a be (-15)/20 - (482/8 - 1). Let b = 61 + a. List the prime factors of 10/(b - 6) + -2 + 88.
2, 3, 7
Let z(w) = 13*w - 29. Let b(y) = -116*y + 260. Let d(q) = -6*b(q) - 52*z(q). What are the prime factors of d(20)?
2, 3, 29
Let j be 48/(-216) + 5375/9. Suppose 2*r = -3*q + 281, -4*r + j = -0*r - q. What are the prime factors of r?
2, 37
Let v(p) = 32*p**2 + 5 + 0 + 4*p**2 - 2 - 6*p. List the prime factors of v(-3).
3, 5, 23
Let z(k) = k**2 - 41*k - 176. List the prime factors of z(-96).
2, 811
Let u be (-25)/(5 + 0)*-1. Suppose 2*a + 2*q = 178, 2*q + 0*q = u*a - 431. List the prime factors of a.
3, 29
Let q(n) = -n**3 - 9*n**2 - 6*n + 7. Let k be q(-9). Let o = k - 53. Suppose o*b - 358 = -78. What are the prime factors of b?
5, 7
Let l = 17615 - 9316. What are the prime factors of l?
43, 193
Suppose -66 = -3*d + s, d - 6*d = 5*s - 90. Suppose d*t - 6151 - 1871 = 0. List the prime factors of t.
2, 191
Let m(o) = o**3 + 14*o**2 - 5 + 1 - 4 - 4*o - 4*o**2. Let t be m(-6). Let r = t - 64. What are the prime factors of r?
2, 3
Suppose 2*y = -12 + 20. Suppose -8*k = -3*k - 2*c + 26, 30 = -y*k - 3*c. Let h = k + 15. What are the prime factors of h?
3
Let a = 60 + -54. Let g be ((-72)/30)/(a/40). List the prime factors of (g/3 + 5)*462/(-2).
7, 11
What are the prime factors of (1143/27)/(4 - 8562/2142)?
7, 17, 127
Let j = 16554 - 4438. List the prime factors of j.
2, 13, 233
Let y(u) = u**3 + 12*u**2 + 10*u + 1. Suppose -5*x + 27 = 2*o, x - 6 = 3*x + 5*o. Suppose -x*k - 33 - 37 = 0. What are the prime factors of y(k)?
101
Let z(n) = 66*n**2 - 105*n - 1038. List the prime factors of z(-9).
3, 17, 103
Let d(v) = 3*v**3 + 16*v**2 - 13*v - 6. What are the prime factors of d(7)?
2, 3, 11, 13
Let v(b) be the second derivative of -7*b**3/6 - 29*b**2/2 - 6*b. Let z = -68 + 58. What are the prime factors of v(z)?
41
Let n(l) = l**3 + 18*l**2 + 23*l + 85. Let q be 59/(-5) - ((-506)/(-55) - 8). What are the prime factors of n(q)?
631
Let i = -64 - -129. Let f = i + -65. Suppose 0 = 5*l - 5*d - 565, 4*l = -f*l - d + 462. What are the prime factors of l?
5, 23
Let n(v) = 305*v - 24. Let a be n(-3). Let f = a - -1590. List the prime factors of f.
3, 7, 31
Let m = 15002 + -10531. List the prime factors of m.
17, 263
Suppose -x + 97233 = 4*p, 17*x = 20*x - 15. What are the prime factors of p?
109, 223
Let q = -10225 - -13073. List the prime factors of q.
2, 89
Let k be (1/(-3))/((-2)/6). Let v(n) = -n**3 - 11*n**2 - 50*n - 399. Let j be v(-10). List the prime factors of 165 + k/(j/(-2)).
163
Suppose -2*c = z + 514, 2*c + z + 1291 = -3*c. Let y = 63 - c. List the prime factors of y.
2, 7, 23
Let y(r) = -34*r + 17. Let u be y(-20). Let n = 56 + u. List the prime factors of n.
3, 251
Let j be 88 + 0 + 6/(-6). Suppose 14*r - j = 1257. What are the prime factors of r?
2, 3
Suppose 0 = -3*u + 4*z + 63, 0 = -u + 2*z + 35 - 12. Suppose s + 4*c = 5*c + 7, u = 2*s - 3*c. What are the prime factors of (s*-11)/(8/(-4))?
2, 11
Let y = 7550 - 6521. List the prime factors of y.
3, 7
Let b(r) = 9917*r**3 + 4*r**2 - 3*r. List the prime factors of b(1).
2, 3, 19, 29
Let a = -32844 + 67645. What are the prime factors of a?
13, 2677
Let s(g) = 23*g**2 - 31*g + 207. Let j be s(11). Suppose 0 = -164*z + 167*z - j. List the prime factors of z.
883
List the prime factors of (154 - 163)*207*-3.
3, 23
Let t(l) = 6*l**3 + 8*l**2 - 58*l + 273. List the prime factors of t(12).
3, 137
Suppose -40*q = 45*q - 351643 - 602227. What are the prime factors of q?
2, 31, 181
Let x(z) = 1778*z**2. Let v be -1 + 9 - (0 + 7). What are the prime factors of x(v)?
2, 7, 127
Let b = -10368 - -18426. List the prime factors of b.
2, 3, 17, 79
Suppose -3*v + 26890 + 13971 = 2*m, 3*m = v - 13635. Suppose 22*i - v = -2931. List the prime factors of i.
2, 3
Let t = 40 + -18. Suppose -5*f - 3*n - 20 = 0, 5*f - 5*n = -2 + t. List the prime factors of 156 + (0 + f/(-2))*4.
2, 79
Suppose m + 66 = 4*m. Suppose 9*j = m + 5. Suppose -4*a + 988 = 4*n, 0 = -n - j*a + 6*a + 255. List the prime factors of n.
3, 83
Let i(k) = k**3 + 9*k**2 + 9*k + 10. Suppose -3*f + 5 = 29. Let m be i(f). Suppose -360 = -2*p - m*q - q, 0 = -4*q. List the prime factors of p.
2, 3, 5
Let q(v) be the second derivative of v**4/6 - 2*v**3 - 19*v**2/2 - 19*v. Let s be q(-6). Let m = -26 + s. List the prime factors of m.
3, 11
Let l(i) be the second derivative of -39*i**3/2 - 51*i**2 - 2*i + 4. List the prime factors of l(-4).
2, 3, 61
Let k = 6756 - 22. List the prime factors of k.
2, 7, 13, 37
Suppose -19*o + 15*o = -16. Suppose 5*z + o*l - 53 + 16 = 0, -2*l = -5*z + 19. Suppose -z*n + 198 = -377. What are the prime factors of n?
5, 23
Let d(m) = -41*m - 9. Let a be d(6). Let c = a + 134. Let i = 176 + c. List the prime factors of i.
5, 11
Let u = 87 - 78. What are the prime factors of (-6)/u - (-13548)/18?
2, 47
Suppose 4*r - 12 + 0 = 0. Let l be 2/r - (-180)/54. What are the prime factors of ((-78)/l)/(18/(-48))?
2, 13
Let v = 17134 - 9652. What are the prime factors of v?
2, 3, 29, 43
Suppose 2*o + 2331 - 14252 = 3659. What are the prime factors of o?
2, 5, 19, 41
Let h(g) = -7*g + 81. Let x(z) = 20*z - 244. Let j(k) = 16*h(k) + 5*x(k). Let p = -1644 + 1650. List the prime factors of j(p).
2
Let g be 0*(5 + -2 - 2). Suppose g = -k - 4*t + 1058, 3*k - 3*t - 3110 = t. List the prime factors of k.
2, 521
Let y(a) = 542*a + 418. Let i(g) = 136*g + 105. Let f(c) = 9*i(c) - 2*y(c). List the prime factors of f(8).
1229
Suppose 0 = -4*n - 2*o + 14, -5*n - o + 19 = -0*n. Suppose -3*z = h - 98, n = -3*z - 5*h + 98. Let k = z - 15. What are the prime factors of k?
2, 3
Let p(z) = 122*z + 10. Let t(h) = -1. Let m(u) = p(u) - 3*t(u). List the prime factors of m(1).
3, 5
Suppose 5*f + h - 5503 = -h, 0 = -3*f + 3*h + 3285. Let v = f - 760. What are the prime factors of v?
3, 113
Let h(z) = -1451*z**3 - 6*z**2 - 2*z - 3. Let x be h(-2). Suppose 15*m - x = -4415. What are the prime factors of m?
2, 239
Suppose -27 + 41 = 7*d. Suppose -d*q = -5*b - 1668, -8*b = 5*q - 10*b - 4128. What are the prime factors of q?
2, 103
Let d = 258 + -88. Suppose d*c + 3934 = 177*c. What are the prime factors of c?
2, 281
Let c(v) = v**3 + 5*v**2 - 7*v - 3. Let x be c(-6). Suppose -7 - x = -2*r. Suppose 4*q = -r*j + 41, 6*j = j + 4*q + 9. List the prime factors of j.
5
Suppose -5*z + 5*t + 9040 = 0, t + t - 1793 = -z. Suppose -7*k + 1249 = -z. Suppose -6*g + k = -2*g. What are the prime factors of g?
109
Suppose -1588*o = -1593*o + 157702 + 5808. List the prime factors of o.
2, 83, 197
Let t(a) = a**2 - 17*a + 2. Suppose -33*i + 68 = -29*i. Let g be t(i). Suppose -302 = -3*l - g*d, 5*d - 2*d + 312 = 3*l. List the prime factors of l.
2, 3, 17
Suppose 0 = -w - b + 802, 0 = 4*w + b - 1071 - 2122. Suppose 0 = 2*s - w - 1285. What are the prime factors of 3/9 - s/(-9)?
2, 29
Suppose -4*r = 3*i - 54030, -4*r + 9*r = -4*i + 72038. List the prime factors of i.
2, 9001
Let i = -2832 + 8324. What are the prime factors of i?
2, 1373
Let v(y) be the third derivative of y**5/6 + y**4/6 - 5*y**2. Let u be ((-423)/(-63) + -7)*(-15 - -1). List the prime factors of v(u).
2, 11
Let c(p) = 2016*p - 264. Let l be c(8). Suppose -4436 = -58*w + l. List the prime factors of w.
2, 5, 7
Let a(s) = 35*s**2 + 35*s + 32. What are the prime factors of a(10)?
2, 3, 647
Let c(n) = 26 - 9*n - 4*n + 20 + 80*n**2 - 47. List the prime factors of c(-3).
2, 379
Let a = -16 + -53. Let d = a + 71. Suppose -d*v + 84 = 10*v. List the prime factors of v.
7
Let d(h) be the second derivative of h**4/3 - 5*h**3/2 + 115*h**2/2 - 18*h. What are the prime factors of d(14)?
13, 53
Suppose -5*q + 44*q - 444133 = 870401. List the prime factors of q.
2, 19, 887
Let c = -4587 - -7727. What are the prime factors of (-36)/8*c/(-9)?
2, 5, 157
Let u = 13 + -11. Suppose u*w + 18 = 4*w. Let t(g) = g**2 - 7*g + 10. What are the prime factors of t(w)?
2, 7
Let x be (119 + (-12)/(-3))*(-2)/(-2). Let v b